1
Let c(k) be the first derivative of -3*k**2/2 + k + 13667. Let j(f) = f**2 - f. Let a be j(0). Let p = a - -2. Give c(p).
-5
Let t(o) = o**3 + 6*o**2 + 5*o - 1. Let s = -428 + 434. Suppose -s*l + 104 - 134 = 0. What is t(l)?
-1
Let d(m) = 22*m**2 + 813*m - 42. Let p be d(-37). Let i(l) = -l**2 - 9*l - 26. Calculate i(p).
-6
Let v(w) = 25*w**2 - 14*w**2 + 5*w - 12*w**2 - 11. Suppose 6*j - 10 = 8. Let m be v(j). Let l(x) = -x + 1. What is l(m)?
6
Let l = -3102 + 3106. Let y(c) = c**2 + 63*c - 272. Give y(l).
-4
Suppose -70*o + 281 - 104 + 103 = 0. Let w(s) be the third derivative of 0 + 1/60*s**5 - 1/12*s**o - 3*s**2 + 1/3*s**3 + 0*s. Determine w(4).
10
Let d(i) = -151*i + 275. Let j be d(2). Let x(o) = 8*o + 229. Calculate x(j).
13
Let y(p) = 7*p + 19. Suppose -22 = -5*l - 6*g, -4*l = 4*g + 8 - 20. Calculate y(l).
-9
Let a(h) = -h**3 + 9*h**2 - 8*h + 5. Suppose 6*w = 30 - 12. Let x(y) = -12*y + 61. Let q be x(5). Let v be q + (1 - -9) - w. What is a(v)?
5
Suppose 20*w - 3*t - 6 = 19*w, 0 = -2*w - 6*t - 48. Let h(j) = 3*j. Give h(w).
-27
Let s be ((-2)/(-8))/(0 + (-1)/(-8)). Suppose s*a - 2*x = 4, -a + 4*a + 4*x = 6. Let u(g) = 2 + 2 - 26*g**a + 23*g**2 + 4*g + g**3 - 2*g**3. Give u(-3).
-8
Let t(j) = j + 8 + 7*j - 24*j + 6*j + 6*j. Calculate t(-5).
28
Suppose 135*p - 200*p - 390 = 0. Let h(u) = -2*u**2 - 8*u + 11. Give h(p).
-13
Let n(m) = -300*m**3 - 2 - 272*m**3 - 36*m**2 + 574*m**3. Calculate n(18).
-2
Suppose 2*t - 9*t = 190 - 267. Let u(s) = -s**3 + 10*s**2 + 15*s + 1. Calculate u(t).
45
Let u(z) = -z - 1. Let r be u(-1). Suppose r = 3*n - 5 - 13. Let w(v) = v + 47 + 57 - v**3 - n*v**2 - 100. Calculate w(-6).
-2
Let u(g) = 14*g - 13*g**2 + 758 - g**3 - 717 - 12*g - 10*g. Let z(y) = y**3 + 3*y**2 + 4*y. Let o be z(-3). Let m be u(o). Let c(h) = h**2 + 7*h + 8. Give c(m).
8
Suppose -2*p - 4*g - 12 = 0, -13 + 43 = -5*p - g. Let k(i) = -6*i - 26. What is k(p)?
10
Let g(l) = -7*l - 23. Let m(q) = 9 - 2*q + 13 - 28. Let s(v) = -5*v - 13. Let w be s(-7). Let j(o) = w*m(o) - 6*g(o). Give j(-5).
16
Let p(g) = -g**2 + 5*g + 4. Let r be p(7). Let x = r + 9. Let v(m) be the first derivative of 2*m**3/3 + 349. Give v(x).
2
Let p(s) = 0*s + s**3 + 5 + 0*s**3 - s - 4*s**2. Let y be ((-102)/4)/(-3)*20/10. Suppose -4*f - 5*r = -y - 13, 33 = 5*f + 4*r. What is p(f)?
25
Suppose 31*v = 26*v + 5, -12 = -3*s - 3*v. Let m(u) = -3*u**3 + 8*u**3 - 2*u**2 - s*u - 5*u**3 + u**3. What is m(4)?
20
Let s(y) = y + 5. Suppose -1004 = -5*o + 5*i + 141, -689 = -3*o + i. Let p = o + -238. Determine s(p).
-3
Let a(f) = f**3 - 2*f**2 - 8*f - 6. Suppose 11*p = -4 + 48. Let o be a(p). Let y(g) = 3 + g**2 + 1 - 6 + 4 + 9*g. Determine y(o).
-16
Let r(t) = t**3 - t**2 - 17*t + 35. Let g be r(2). Let z(f) = g*f - 8789 + 5*f**2 - 3*f**3 + 3*f**3 - f**3 + 8787. Calculate z(5).
23
Let q(j) = -j**3 - 5*j**2 + 12*j + 36. Let u be q(-6). Let t(n) be the third derivative of n**6/120 + n**4/24 + n**3/2 + n**2. What is t(u)?
3
Let h = 775 + -777. Let u(b) = b**3 + 2. What is u(h)?
-6
Suppose 125*f + 18 = 128*f + 6. Let z(w) = -2*w + 31. Determine z(f).
23
Let z(x) be the second derivative of -x**6/120 + 7*x**5/60 + x**4/3 + x**3/6 + 7*x**2/2 + 45*x. Let a(b) be the first derivative of z(b). Give a(8).
1
Let t(m) be the first derivative of m**3/3 - 9*m**2 + 15*m - 6153. Give t(16).
-17
Let o(q) = 828*q**2 - 3 + 21*q + 0 - 833*q**2. Calculate o(4).
1
Let q(m) be the second derivative of m**6/120 + m**5/15 - m**4/3 + 2*m**3/3 + 77*m**2/2 + 168*m. Let j(c) be the first derivative of q(c). What is j(-6)?
-20
Let k(x) = x**2 - 31*x + 234. Let i = -74 - -90. Calculate k(i).
-6
Let r(z) be the second derivative of z**4/6 - 7*z**3/3 - 9*z**2/2 - 953*z. Determine r(8).
7
Let l(i) = 5*i - 29. Let s(u) = -u**3 - 2*u**2 + 20*u + 52. Let q be s(-4). Let d be l(q). Let o(p) = -p**3 - 9*p**2. Determine o(d).
0
Let s(g) = g - 4. Suppose 2*l = -2, 5*l = -44*n + 46*n - 29. Suppose 2*t + a - n = 0, 7*t + 3*a - 16 = 5*t. Determine s(t).
1
Suppose -o = -10 + 8. Let r(l) = -8*l - l**o - 6*l + 13*l. Suppose 0 = -0*d + 4*d. Determine r(d).
0
Let w(m) = 2*m**2 + 3*m + 1. Let j(d) = -d**2 + 10*d. Let s be j(10). Suppose -3*g - 56*l = -61*l + 20, s = 2*g + l + 9. What is w(g)?
36
Suppose 2*a = 2*m + 5 + 5, -5 = -a - 3*m. Suppose -a*n + 8 + 6 = -j, 0 = -2*j + 4*n - 4. Let u(x) = -1140 - x - 1143 + 2282. What is u(j)?
-7
Let i(n) = -n**2 - 23*n - 59. Let m(x) = -2*x - 9. Let u(f) = i(f) - 6*m(f). Give u(-8).
19
Let l(t) be the third derivative of -t**7/5040 + t**6/360 + 67*t**5/60 - t**4/24 - 4*t**2. Let a(d) be the third derivative of l(d). Give a(14).
-12
Let t(o) be the first derivative of -o**3/3 + 7*o**2/2 - 5*o + 1107. Suppose -g + 0*g = -7. Give t(g).
-5
Let v(i) = i**3 - 6*i**2 - 8*i - 2. Let c(y) = -y**2 - 20*y + 25. Let r be c(-21). Let j be 8/((-15)/20*r/30). Let h = j - -87. Give v(h).
-9
Let x(t) = 8 - 4*t + 8 - 19. Suppose -3*w - 5*b = -6*b + 13, -5*w - 19 = -b. Calculate x(w).
9
Let k(m) = 19*m - 1086. Let j be k(57). Let x(n) = 9*n - 13. Let g(c) = 5*c - 6. Let i(o) = -5*g(o) + 2*x(o). What is i(j)?
25
Let x(c) = -44*c**2 - 46*c**2 + 1 + 94*c**2 - 251*c + 248*c. Determine x(2).
11
Let d = 21515 + -21556. Let k(a) = 3*a + 134. Determine k(d).
11
Suppose 8 - 2 = 3*b, -64 = -2*d - 2*b. Suppose 4*f + 3*t = d, 36 = 5*f + t + 2*t. Let a(l) = 2*l**2 - 9*l + 2. What is a(f)?
20
Suppose 7*v + 3*t = 2*v, 2*t = -v. Suppose v = 5*x - 5*k + 5, -2*k + 1 = -x - 6*k. Let w(j) = j + 402 - 2*j - 401 - j. Give w(x).
3
Let o(k) = 2 - 263*k**3 - 257*k**3 - 249*k**3 + k**2 + 3*k + 771*k**3. Calculate o(-2).
-16
Let t(b) = -5*b - 4. Let f(z) = 133*z - 2264. Let w be f(17). Calculate t(w).
11
Let t(x) = 2*x + 3*x + 164 - 381 + 134 + 5*x. Let p be t(8). Let f(h) = h**2 + 2*h - 4. Determine f(p).
-1
Let p = 62 + -64. Let h(i) = -i**3 - 3*i**2 - 5*i - 7. Let f be h(p). Let o(z) be the first derivative of -13*z**2/2 - z - 5. What is o(f)?
12
Let a(n) = -7*n - 4*n**2 - 3 + 84*n + 3*n + 5. Let u be a(20). Let o(s) = -3*s**3 + 4*s**2 - 5*s + 5. Calculate o(u).
-13
Let a(c) = 46 + 66 - 230 + 41 + 53 - 3*c. Determine a(-4).
-12
Suppose 0 = -36*r - 42*r + 74*r - 2*b, 3*b = -3*r - 21. Let w(l) = 0*l - l + 3*l. Calculate w(r).
14
Let a(g) = -g**3 + 16*g**2 - 4*g - 4. Suppose 37*u - 15 = 36*u + r, 4*u = -3*r + 67. Calculate a(u).
-68
Let i be (-40)/(-7) + 26/91. Let b(f) be the first derivative of f**5/120 + f**4/24 + 11*f**3/3 - 3. Let l(p) be the third derivative of b(p). Calculate l(i).
7
Let m(w) = -w**3 + 34*w**2 + 37*w - 70. Let o(r) = 67*r - 434. Let a be o(7). Determine m(a).
0
Let t(q) be the first derivative of q**3 + 9*q**2 + 6*q - 172. Calculate t(-6).
6
Let t(d) be the second derivative of d**4/12 - d**3/3 + 3*d**2/2 - 5*d - 1. Let k be -8 + 22 + (-9 - 2). Give t(k).
6
Let k(c) = -2*c**2 + 16*c**2 - 8276*c + c**3 - 8275*c - 2 + 16554*c. Determine k(-14).
-44
Let r(t) = -13*t**3 + t**2 + 14*t - 25. Let h(a) = -28*a**3 + 5*a**2 + 27*a - 51. Let c(i) = 6*h(i) - 13*r(i). Calculate c(-18).
55
Let d(w) = w**2 + 3*w - 18. Let f be d(3). Let g be -5*((-6)/3 - f). Let l(b) = 16 - 1 + b**2 - 6*b - g. Determine l(4).
-3
Let y = 45 + -42. Suppose -6*p = -y*p - 4*z + 11, p - 5*z - 11 = 0. Let r(o) = o + 1. Let k(m) = 12*m. Let q(b) = p*r(b) + k(b). What is q(6)?
9
Let q(l) = -2*l**2 + 13*l + 32. Let p(h) = -3*h**2 + 18*h + 45. Let b(m) = 3*p(m) - 4*q(m). What is b(4)?
-1
Let d be -4*(-1 + (-5)/(-2) - 1). Let s(z) = 4*z**3 - 2*z**2 - z + 10. Let w(r) = r**3 + 2. Let u(h) = -s(h) + 6*w(h). Calculate u(d).
-8
Suppose 66 = 6*q - 48 + 6. Let f(s) = s**3 - 17*s**2 - 19*s - 7. Determine f(q).
-25
Suppose 5*s - 90 = -s. Let q(p) = -p**3 + 8*p**2 - 8*p - 4. Let a be q(6). Suppose -a*j = -s*j. Let g(o) = o**3 + o**2 - o - 1. Give g(j).
-1
Suppose -2 + 0 = i, -4*m + 120 = -2*i. Suppose m*p - 32 = 55. Let z(s) = -s**3 + 2*s**2 - s. Calculate z(p).
-12
Let i(l) = -l**2 + 2*l + 3. Let m(h) = -1604*h**2 + 1 + 1 + 1600*h**2 + 7*h. Let y(d) = 3*i(d) - m(d). Calculate y(-6).
49
Let v = 73 - 69. Suppose -230 = -4*m + 5*c, m + 3*m + 2*c - 216 = 0. Let d(x) = -24*x - 6 - 2*x**2 - 26*x + m*x. What is d(v)?
-18
Let z(f) be the first derivative of f**6/360 - f**5/60 - f**4/8 - 28*f**3/3 - f**2/2 + 59. Let x(m) be the third derivative of z(m). Give x(4).
5
L